ist the prime factors of v.
2, 269
Suppose -16*v = v - 238. Suppose -6230 = -v*p - 910. List the prime factors of p.
2, 5, 19
What are the prime factors of -15728*(2*(-1)/3)/((-224)/(-168))?
2, 983
Suppose -4*p = 5 - 13. Suppose 5*b - p*l = 21, -18 = b - 3*b + 4*l. List the prime factors of ((-83)/(-3) - 1)*b.
2, 5
Suppose -26*y = 25*y - 12240. Let b = y + 1341. List the prime factors of b.
3, 17, 31
Let n(p) = 28*p**3 + 16*p**2 + 10*p - 55. List the prime factors of n(8).
5, 17, 181
Let s(u) be the third derivative of u**6/120 + u**5/3 + 5*u**4/3 + 2*u**3/3 + 7*u**2. Suppose 0 = -35*b + 38*b + 51. List the prime factors of s(b).
191
Let f = -949 + 4694. What are the prime factors of f?
5, 7, 107
Suppose 229*d + 26*d - 3386655 = 0. List the prime factors of d.
3, 19, 233
Let z(l) = -2779*l + 279. What are the prime factors of z(-1)?
2, 11, 139
Suppose -41*u = -10*u - 338334. What are the prime factors of u?
2, 3, 17, 107
Let q = 752 - 743. What are the prime factors of q/6*344/1?
2, 3, 43
Let n(k) = -465 + 7*k**2 + 0*k**2 + 472 + 18*k. What are the prime factors of n(-6)?
151
Suppose 12*z + 16*z - 2967118 = -736050. What are the prime factors of z?
7, 11383
Let f be 1 + -1 + 5/15*12. Suppose -3*d + f*d = -2. List the prime factors of (50/30)/(d/(-102)).
5, 17
Let v = -8 + 24. Let h = v - -68. Let i = h + 13. What are the prime factors of i?
97
Suppose 16*c = 18*c - 3*h - 23224, -3*h = 0. List the prime factors of c.
2, 2903
Suppose -17 + 5 = 12*r. Let o(j) = 915*j**2 - 8*j - 8. What are the prime factors of o(r)?
3, 5, 61
Let k(o) be the third derivative of -53*o**5/120 + 5*o**4/4 + 3*o**3 - 42*o**2. Let y(w) be the first derivative of k(w). What are the prime factors of y(-5)?
5, 59
What are the prime factors of (27/24)/(54/43488)?
2, 3, 151
Let b(u) = 2*u**3 + u**2 - 3*u - 2. Let p be b(-1). Suppose p = -17*v + 19*v - 2298. What are the prime factors of v?
3, 383
Suppose 0 = -3*z - 17 + 32. Suppose -12 = z*r - x, x + 9 = -2*x. What are the prime factors of (-2)/(r*(-5)/(-105))?
2, 7
List the prime factors of (2614/5)/((-8)/44 + (-1025)/(-4125)).
2, 3, 1307
Suppose 0*c - 5*c = -85. Suppose -c*s + 27*s = 280. What are the prime factors of 46 - 3*(s/12 - 1)?
2, 3, 7
List the prime factors of (-2)/5 - (28 - 1099140/100).
19, 577
Let k(u) = -10136*u**3 - 27*u**2 - 66*u - 12. What are the prime factors of k(-2)?
2, 5, 811
Let g(d) = -901*d - 2114. List the prime factors of g(-28).
2, 7, 13, 127
Suppose -17*v + 11*v + 10566 = 0. Suppose -3801 = -6*d + v. What are the prime factors of d?
3, 103
Suppose -4*p - 2 = -2*x, -5*x + 8*x - 21 = -3*p. Suppose 3*g = -n + 1587 + 27, -x*n = 2*g - 8005. List the prime factors of n.
3, 13, 41
Let n(h) = 286*h - 75. Let v be n(-15). List the prime factors of 4 + 132/(-32) + v/(-40).
109
Let p(l) = 24242*l**2 - 6*l + 3. What are the prime factors of p(-1)?
24251
Suppose -5*k + 8 = -3*k. Let f(t) be the second derivative of t**5/10 + t**4/12 + 5*t**3/6 + 3*t**2/2 - 237*t + 2. List the prime factors of f(k).
167
Let g = 42894 - 18829. List the prime factors of g.
5, 4813
Let v = 80389 + -43915. What are the prime factors of v?
2, 3, 6079
Let x = 140 + -74. Let a = x + -462. Let j = a - -579. What are the prime factors of j?
3, 61
Suppose -5*h - 5*l + 235 = 0, -131 = -3*h - 0*h - l. Suppose 8*r = 4*r - 3*i + 105, -2*r + 2*i + h = 0. List the prime factors of r.
2, 3
Let b = -2272 - -3326. What are the prime factors of b?
2, 17, 31
Let o = 19 - -2. Suppose -3*y + 0*y = -o. Suppose y*f = -f + 232. List the prime factors of f.
29
Let h(f) = 6*f**2 - 15*f + 47. Let w be h(12). Let a = w + -518. List the prime factors of a.
3, 71
Suppose -20*g = -19*g - 57. Suppose 0 = z - o - 115, -3*o + 292 = 2*z + g. List the prime factors of z.
2, 29
Suppose 8*n = 4*n - 3*z + 5, 2*z = -n. Suppose -8*p + 357 + 115 = 0. Suppose 3*r - 229 = -s - p, n*r - 128 = 3*s. What are the prime factors of r?
2, 29
Let x(l) = 5*l + 89. Let r be x(-17). Suppose 3*a - r*b = 1866, -4*a + 0*b + 2501 = -b. List the prime factors of a.
2, 313
Let u be (-3)/((-9)/(-4))*-9. Let y be (-8)/(-56) + u/14. List the prime factors of (-276)/(-3)*y/2.
2, 23
Let g(o) = 327*o**2 + 13*o - 12. Let s(r) = -r**2 + 21*r + 47. Let m be s(23). List the prime factors of g(m).
2, 41
Let o = 789 + 746. Suppose 13*i - 8*i - o = 0. List the prime factors of i.
307
Suppose -75540 = 867*x - 882*x. What are the prime factors of x?
2, 1259
Let u(s) = s**2 + 2*s - 3. Let p be u(-4). Let b = -150 + 97. Let a = p - b. What are the prime factors of a?
2, 29
Suppose -16 = -4*j, 0*n + 4*n = 3*j + 1716. Suppose -6*v = -0*v - n. Suppose -40 = -2*q + v. List the prime factors of q.
2, 7
Suppose 3*f + 5*m - 47 = 164, -f + 2*m = -74. Suppose 15*s = f + 258. List the prime factors of s.
2, 11
Suppose -29 = -16*u + 35. Suppose 2*d = -t + 1993, -4*d - 2962 = -7*d + u*t. List the prime factors of d.
2, 7, 71
Let c = 38 - 28. Suppose -2*i + 0*l = -4*l - 10, -3*i + l = c. List the prime factors of 1 + 45 - 15/i.
7
Let u(t) = -1588*t - 144. List the prime factors of u(-1).
2, 19
What are the prime factors of (((-1671)/6)/((-5)/(-10)))/((-29)/145)?
5, 557
Let v = 1654 + -968. List the prime factors of (-2)/3*v*54/(-36).
2, 7
Let m be (2 - 3)/((-2)/(-4)). Let b be (-1)/((m/2)/(-1)) - -14. Let o = 159 + b. List the prime factors of o.
2, 43
Let x(g) = g**3 - 7*g**2 + 9*g - 22. Suppose 60*k - 54*k = 54. List the prime factors of x(k).
13, 17
Suppose -3*x - 1352 = -k, -7373 = -4*k - 3*x - 2010. Suppose -27*n + 3409 = -k. List the prime factors of n.
2, 11
Let j(v) be the third derivative of -3*v**6/8 + v**5/12 + v**4/2 + 7*v**3/6 - 2*v**2 - 120*v. List the prime factors of j(-2).
3, 11
Suppose 3*s = -3*z - 510, 0*s - 5*s + 25 = 0. Let h = -124 - z. List the prime factors of h/4 - 26/(-104).
13
Let l(f) = f**2 - 7*f - 17. Let p(q) = -3*q + 4*q - 1 + 10 - 2*q. Let w be p(-6). List the prime factors of l(w).
103
List the prime factors of 4643/1 - (41 + -50).
2, 1163
Suppose 53*g + 36 = 41*g. List the prime factors of 5 + g + 3 - -101.
2, 53
Suppose -r + 1626 = -5*x - 1143, 0 = -12*r + x + 32874. What are the prime factors of r?
3, 11, 83
Suppose 28*z - 378 = 37*z. List the prime factors of 459 + z/12*(-8)/(-14).
457
Let w = 8912 - -1532. What are the prime factors of w?
2, 7, 373
Suppose 225 = 2*n - 0*n - g, -g - 111 = -n. Let l = 214 - n. Suppose 0 = -d + l + 15. What are the prime factors of d?
5, 23
Suppose -i = 3*y - 3738, 5*i - 14991 = i + y. Suppose 10*b = i + 253. List the prime factors of b.
2, 5
Let w(c) = 3*c**3 + 39*c**2 + 2*c + 31. Let g be w(-13). Suppose -3*j + 3*s = -1758, g*j = j - 3*s + 2365. List the prime factors of j.
19, 31
Let p = -11242 + 56753. What are the prime factors of p?
71, 641
Let a be (-2720)/(-112) + 2/(-7). Suppose -a*t + 9 = -21*t. Suppose -b = 4*n - 72, 2*n + 3*b = t*n - 31. List the prime factors of n.
19
Let a be 72/15 + (-1)/(-5). Suppose -127 = -f - 4*y - 36, 245 = 3*f - 2*y. Suppose 2*o = 5*p + 121, o + 0*p = -a*p + f. What are the prime factors of o?
2, 17
Suppose -6 = -4*d + 14, -2*o + 2*d = -294. Let x = o + -99. What are the prime factors of x?
53
List the prime factors of 7/((-238)/(-93857))*6.
3, 5521
List the prime factors of ((-126)/(-27) - (7 - 2))/(3/(-73341)).
29, 281
Let r be 2/((-3)/21 - 368/(-1008)). Let v(u) be the second derivative of u**4/4 - 7*u**3/3 + u**2 + 2*u. What are the prime factors of v(r)?
7, 17
Suppose -5*c - 4 = -7*c. Suppose c*s - 9*s - 168 = 0. What are the prime factors of 6/s - 269/(-4)?
67
What are the prime factors of ((-8 + 87/12)*188)/(6/(-636))?
2, 3, 47, 53
Suppose -39*k = -4*r - 41*k + 121712, -k + 152131 = 5*r. List the prime factors of r.
5, 1217
Let m(a) = -3*a - 18. Let n be m(-6). Let p(l) = -5*l + 6093. Let g be p(n). List the prime factors of 2/(-5) + g/45.
3, 5
Let o(c) = 2*c**2 - 3*c**2 + 7*c + 0*c - 4*c - 6. Let q(p) = -3*p**2 + 9*p - 17. Let l(x) = -7*o(x) + 2*q(x). What are the prime factors of l(-9)?
2, 29
Suppose -1614 = 20*j - 21*j + 2*c, 4*j + 2*c - 6486 = 0. What are the prime factors of j?
2, 3, 5
Suppose 3*g + 3*w = 102, 4*w - 79 = -2*g - 21. Let o = 292 + g. List the prime factors of o.
331
Let r be ((-130)/25)/((-2)/(-50)). Let s be r/(-52) - (-1)/2. Suppose 56 = s*o - 2*o. What are the prime factors o